29
Calculate the highest common divisor of 730 and 659692605.
365
Calculate the greatest common divisor of 150228 and 9882756.
1404
What is the highest common factor of 3504 and 592096?
16
Calculate the highest common factor of 30647 and 12076531.
1613
Calculate the highest common divisor of 14 and 61412414.
14
Calculate the greatest common divisor of 21924 and 7428.
12
Calculate the greatest common factor of 140580 and 129510.
90
What is the highest common factor of 370368 and 41616?
144
Calculate the highest common divisor of 6909648 and 39360.
1968
Calculate the highest common divisor of 100 and 652994.
2
Calculate the highest common factor of 2351300 and 3325.
175
Calculate the greatest common factor of 18750 and 31126250.
1250
What is the greatest common divisor of 18335 and 8536776?
3667
What is the greatest common divisor of 21102 and 5262?
6
Calculate the greatest common divisor of 4154090 and 185.
5
Calculate the greatest common divisor of 29091531 and 201075.
8043
What is the greatest common factor of 40128397 and 11249?
1607
Calculate the greatest common divisor of 197317 and 43564162.
8579
Calculate the greatest common factor of 36277880 and 11370.
3790
Calculate the highest common factor of 2548 and 10738546.
1274
Calculate the greatest common divisor of 500 and 395155100.
100
Calculate the greatest common factor of 15787768 and 296.
8
Calculate the highest common factor of 2406786 and 301674.
2202
Calculate the greatest common divisor of 369420 and 170562.
786
What is the highest common divisor of 2387455756 and 28?
28
What is the highest common divisor of 670009 and 2182721?
1093
Calculate the highest common factor of 14487 and 21514951.
439
Calculate the greatest common divisor of 1357128 and 11433.
309
What is the greatest common divisor of 14210073 and 81?
81
Calculate the greatest common divisor of 42740964 and 168.
84
Calculate the greatest common factor of 158744969 and 31199.
4457
What is the greatest common factor of 11928 and 4851714?
2982
What is the greatest common factor of 93837 and 46314?
93
Calculate the highest common divisor of 67575 and 5406.
2703
Calculate the highest common factor of 13125 and 139209.
21
Calculate the highest common factor of 595245 and 33250.
35
Calculate the highest common divisor of 6605181 and 411.
411
Calculate the greatest common factor of 225221236 and 136.
68
What is the greatest common factor of 142306284 and 3288?
1644
Calculate the highest common factor of 44343792 and 119814.
6306
Calculate the greatest common factor of 109692 and 479952.
396
What is the greatest common factor of 47221784 and 132400?
2648
Calculate the greatest common factor of 369 and 43606411.
41
What is the highest common divisor of 61238 and 3150558?
914
Calculate the highest common factor of 5539554 and 558.
18
Calculate the greatest common factor of 921 and 7546060.
307
Calculate the greatest common factor of 2196 and 1251576.
36
What is the highest common divisor of 3990 and 105678?
114
Calculate the highest common divisor of 248 and 23203469.
31
What is the highest common factor of 404382 and 321134?
242
What is the highest common factor of 1935892 and 9604?
1372
What is the greatest common divisor of 2597776 and 28396?
916
What is the highest common factor of 468 and 256451?
13
What is the greatest common factor of 3981798 and 864?
54
What is the greatest common factor of 26032608 and 3136?
224
What is the greatest common factor of 22322682 and 608?
38
What is the greatest common divisor of 11986139 and 8228?
2057
Calculate the highest common factor of 17496 and 22952808.
1944
What is the greatest common divisor of 74664 and 23904?
72
What is the highest common factor of 54 and 79093611?
27
Calculate the highest common factor of 8859963 and 1253.
1253
Calculate the highest common factor of 418 and 39882634.
418
Calculate the greatest common divisor of 6779430 and 315.
315
What is the highest common divisor of 110463570 and 46431?
4221
Calculate the highest common factor of 68016 and 33072.
624
Calculate the greatest common divisor of 2895408 and 2178.
18
Calculate the highest common divisor of 22240 and 17296604.
556
What is the highest common divisor of 662576236 and 3362?
3362
Calculate the greatest common factor of 1614720 and 30.
30
What is the highest common divisor of 10185136 and 5796?
92
What is the highest common divisor of 150 and 225531975?
75
What is the greatest common divisor of 18464 and 175784204?
2308
What is the highest common factor of 5536 and 905482?
346
What is the greatest common divisor of 56879060 and 428?
428
What is the greatest common divisor of 18891 and 82108682?
2099
What is the highest common divisor of 205192 and 13520?
104
What is the greatest common divisor of 26 and 14628952?
26
Calculate the highest common factor of 3788692 and 413407.
5233
Calculate the highest common factor of 5425 and 30306325.
175
What is the highest common divisor of 15694 and 90426?
14
Calculate the greatest common factor of 105 and 2504655.
15
What is the highest common divisor of 1150 and 763175?
25
What is the highest common divisor of 656241 and 105792?
1653
Calculate the highest common divisor of 6999676 and 152.
76
What is the highest common factor of 192180 and 13180?
20
Calculate the highest common factor of 6670 and 297005095.
3335
Calculate the highest common factor of 55394159 and 3684.
307
Calculate the highest common factor of 1898 and 88790.
26
What is the greatest common divisor of 9789536 and 3243?
1081
Calculate the highest common divisor of 3835 and 21402368.
767
Calculate the highest common divisor of 6905 and 5229847.
1381
Calculate the greatest common factor of 11 and 76008735.
11
Calculate the highest common factor of 3021 and 10448632.
1007
Calculate the highest common factor of 12575 and 193950.
25
What is the greatest common divisor of 18 and 112802?
2
What is the greatest common factor of 69273832 and 5064?
1688
What is the greatest common factor of 2343297 and 12177?
33
What is the greatest common factor of 48 and 28936152?
24
What is the greatest common factor of 6234 and 635053424?
2078
Calculate the greatest common factor of 168201706 and 102.
34
What is the greatest common divisor of 17484199 and 166?
83
What is the greatest common factor of 1058 and 1059794?
46
Calculate the greatest common divisor of 164519 and 15239.
311
What is the highest common divisor of 106650899 and 131?
131
Calculate the highest common factor of 159115 and 174845.
605
Calculate the highest common factor of 19667032 and 11.
11
What is the greatest common factor of 858078 and 11362?
494
What is the greatest common divisor of 583913 and 1911206?
1199
What is the greatest common factor of 68887 and 46965037?
5299
What is the highest common divisor of 23275 and 378025?
25
What is the highest common factor of 352550 and 535?
5
Calculate the greatest common factor of 1025684 and 132.
44
What is the greatest common divisor of 550880604 and 54?
18
What is the highest common factor of 27656 and 15904?
8
What is the greatest common factor of 60160296 and 500702?
6338
Calculate the highest common factor of 697 and 18730481.
697
Calculate the greatest common divisor of 1370348 and 228464.
436
What is the highest common divisor of 497262 and 6265?
179
What is the greatest common factor of 160675 and 21600?
25
What is the highest common factor of 64 and 10647568?
16
Calculate the greatest common factor of 454400398 and 11215.
2243
What is the highest common factor of 61828003 and 1861?
1861
Calculate the highest common divisor of 227964 and 31812.
132
Calculate the greatest common divisor of 39 and 132073123.
13
What is the highest common divisor of 2921 and 853059?
127
Calculate the highest common divisor of 1541 and 7457167.
67
Calculate the highest common factor of 4908648 and 3264.
408
Calculate the greatest common factor of 61824 and 41665512.
3864
What is the greatest common divisor of 119912 and 362596?
52
Calculate the greatest common factor of 11318528 and 358.
358
What is the greatest common factor of 151138 and 23868178?
11626
What is the highest common divisor of 7500 and 158401800?
300
Calculate the greatest common factor of 2155 and 2310591.
431
Calculate the greatest common divisor of